{"id":1154,"date":"2020-10-14T23:02:35","date_gmt":"2020-10-14T23:02:35","guid":{"rendered":"http:\/\/www.ayenjoyas.cl\/?post_type=product&#038;p=1154"},"modified":"2020-10-14T23:02:35","modified_gmt":"2020-10-14T23:02:35","slug":"cogflmp02","status":"publish","type":"product","link":"https:\/\/www.ayenjoyas.cl\/?product=cogflmp02","title":{"rendered":"COGFLMP02"},"content":{"rendered":"<p>Collar perla de r\u00edo con malaquita y lapisl\u00e1zuli <\/p>\n","protected":false},"excerpt":{"rendered":"<p>COLLAR PERLA DE R\u00cdO CON BOLO\u00d1 DE LAPISL\u00c1ZULI FRONTAL Y MALAQUITA Y 14k GOLDFILLED<br \/>\nSWEET RIVER pearls WITH lapisl\u00e1zuli, malaquite and 14K GOLDFILLED<\/p>\n","protected":false},"featured_media":1155,"comment_status":"open","ping_status":"closed","template":"","meta":[],"product_cat":[30],"product_tag":[261,21,23,155,34,52,259,260],"class_list":{"0":"post-1154","1":"product","2":"type-product","3":"status-publish","4":"has-post-thumbnail","6":"product_cat-collares-necklaces","7":"product_tag-14kgoldfilled","8":"product_tag-collar","9":"product_tag-lapislazuli","10":"product_tag-malachite","11":"product_tag-malaquita","12":"product_tag-necklace","13":"product_tag-perlas-der-rio","14":"product_tag-sweet-river-pearls","16":"first","17":"instock","18":"sale","19":"shipping-taxable","20":"purchasable","21":"product-type-simple"},"_links":{"self":[{"href":"https:\/\/www.ayenjoyas.cl\/index.php?rest_route=\/wp\/v2\/product\/1154","targetHints":{"allow":["GET"]}}],"collection":[{"href":"https:\/\/www.ayenjoyas.cl\/index.php?rest_route=\/wp\/v2\/product"}],"about":[{"href":"https:\/\/www.ayenjoyas.cl\/index.php?rest_route=\/wp\/v2\/types\/product"}],"replies":[{"embeddable":true,"href":"https:\/\/www.ayenjoyas.cl\/index.php?rest_route=%2Fwp%2Fv2%2Fcomments&post=1154"}],"wp:featuredmedia":[{"embeddable":true,"href":"https:\/\/www.ayenjoyas.cl\/index.php?rest_route=\/wp\/v2\/media\/1155"}],"wp:attachment":[{"href":"https:\/\/www.ayenjoyas.cl\/index.php?rest_route=%2Fwp%2Fv2%2Fmedia&parent=1154"}],"wp:term":[{"taxonomy":"product_cat","embeddable":true,"href":"https:\/\/www.ayenjoyas.cl\/index.php?rest_route=%2Fwp%2Fv2%2Fproduct_cat&post=1154"},{"taxonomy":"product_tag","embeddable":true,"href":"https:\/\/www.ayenjoyas.cl\/index.php?rest_route=%2Fwp%2Fv2%2Fproduct_tag&post=1154"}],"curies":[{"name":"wp","href":"https:\/\/api.w.org\/{rel}","templated":true}]}}