{"id":994,"date":"2020-06-25T17:26:42","date_gmt":"2020-06-25T17:26:42","guid":{"rendered":"http:\/\/www.ayenjoyas.cl\/?post_type=product&#038;p=994"},"modified":"2020-06-25T17:26:42","modified_gmt":"2020-06-25T17:26:42","slug":"colgante-plata-lapislazuli-caballo","status":"publish","type":"product","link":"http:\/\/www.ayenjoyas.cl\/?product=colgante-plata-lapislazuli-caballo","title":{"rendered":"COLGANTE PLATA LAPISL\u00c1ZULI (CABALLO)"},"content":{"rendered":"","protected":false},"excerpt":{"rendered":"<p> COLGANTE PLATA LAPISL\u00c1ZULI CON DISE\u00d1O CABEZA CABALLO EN PLATA Hecho a mano<br \/>\nSILVER LAPISL\u00c1ZULI PENDANT ( horse face) banda made<\/p>\n","protected":false},"featured_media":995,"comment_status":"open","ping_status":"closed","template":"","meta":[],"product_cat":[29],"product_tag":[19,62,41,25,63],"class_list":{"0":"post-994","1":"product","2":"type-product","3":"status-publish","4":"has-post-thumbnail","6":"product_cat-colgantes-pendants","7":"product_tag-colgante","8":"product_tag-horse","9":"product_tag-pendant","10":"product_tag-plata","11":"product_tag-silver","13":"first","14":"instock","15":"sale","16":"sold-individually","17":"shipping-taxable","18":"purchasable","19":"product-type-simple"},"_links":{"self":[{"href":"http:\/\/www.ayenjoyas.cl\/index.php?rest_route=\/wp\/v2\/product\/994","targetHints":{"allow":["GET"]}}],"collection":[{"href":"http:\/\/www.ayenjoyas.cl\/index.php?rest_route=\/wp\/v2\/product"}],"about":[{"href":"http:\/\/www.ayenjoyas.cl\/index.php?rest_route=\/wp\/v2\/types\/product"}],"replies":[{"embeddable":true,"href":"http:\/\/www.ayenjoyas.cl\/index.php?rest_route=%2Fwp%2Fv2%2Fcomments&post=994"}],"wp:featuredmedia":[{"embeddable":true,"href":"http:\/\/www.ayenjoyas.cl\/index.php?rest_route=\/wp\/v2\/media\/995"}],"wp:attachment":[{"href":"http:\/\/www.ayenjoyas.cl\/index.php?rest_route=%2Fwp%2Fv2%2Fmedia&parent=994"}],"wp:term":[{"taxonomy":"product_cat","embeddable":true,"href":"http:\/\/www.ayenjoyas.cl\/index.php?rest_route=%2Fwp%2Fv2%2Fproduct_cat&post=994"},{"taxonomy":"product_tag","embeddable":true,"href":"http:\/\/www.ayenjoyas.cl\/index.php?rest_route=%2Fwp%2Fv2%2Fproduct_tag&post=994"}],"curies":[{"name":"wp","href":"https:\/\/api.w.org\/{rel}","templated":true}]}}