{"id":205,"date":"2015-03-03T22:26:49","date_gmt":"2015-03-03T22:26:49","guid":{"rendered":"http:\/\/www.ayenjoyas.cl\/?post_type=product&#038;p=205"},"modified":"2015-04-04T01:57:23","modified_gmt":"2015-04-04T01:57:23","slug":"collar-obsidiana-con-perlas-de-rio","status":"publish","type":"product","link":"http:\/\/www.ayenjoyas.cl\/?product=collar-obsidiana-con-perlas-de-rio","title":{"rendered":"COLLAR OBSIDIAN CON PERLAS DE R\u00cdO COGFOP01"},"content":{"rendered":"<p>Collar largo con Obsidiana diferentes tama\u00f1os y perlas de R\u00edo , bo\u00f1itas de gold filled<.a href=\"http:\/\/www.ayenjoyas.cl\/wp-content\/uploads\/2015\/03\/Collar-Obsidiana-goldfilled-Perlas-de-Rio-barrocas.jpg\"><img loading=\"lazy\" decoding=\"async\" src=\"http:\/\/www.ayenjoyas.cl\/wp-content\/uploads\/2015\/03\/Collar-Obsidiana-goldfilled-Perlas-de-Rio-barrocas-221x300.jpg\" alt=\"Collar Obsidiana ,goldfilled  Perlas de Rio barrocas\" width=\"221\" height=\"300\" class=\"alignnone size-medium wp-image-206\" srcset=\"http:\/\/www.ayenjoyas.cl\/wp-content\/uploads\/2015\/03\/Collar-Obsidiana-goldfilled-Perlas-de-Rio-barrocas-221x300.jpg 221w, http:\/\/www.ayenjoyas.cl\/wp-content\/uploads\/2015\/03\/Collar-Obsidiana-goldfilled-Perlas-de-Rio-barrocas-416x564.jpg 416w, http:\/\/www.ayenjoyas.cl\/wp-content\/uploads\/2015\/03\/Collar-Obsidiana-goldfilled-Perlas-de-Rio-barrocas-755x1024.jpg 755w, http:\/\/www.ayenjoyas.cl\/wp-content\/uploads\/2015\/03\/Collar-Obsidiana-goldfilled-Perlas-de-Rio-barrocas.jpg 1510w\" sizes=\"auto, (max-width: 221px) 100vw, 221px\" \/><\/a><\/p>\n","protected":false},"excerpt":{"rendered":"<p>Collar largo Obsidiana  y perlas de r\u00edo con goldfilled.<br \/>\nLong Obsidian and pearl necklace with 14k.goldfilled.<\/p>\n","protected":false},"featured_media":206,"comment_status":"open","ping_status":"closed","template":"","meta":[],"product_cat":[30],"product_tag":[21,81,52,51,48],"class_list":{"0":"post-205","1":"product","2":"type-product","3":"status-publish","4":"has-post-thumbnail","6":"product_cat-collares-necklaces","7":"product_tag-collar","8":"product_tag-goldfilled","9":"product_tag-necklace","10":"product_tag-obsidiana","11":"product_tag-perlas","13":"first","14":"instock","15":"sale","16":"sold-individually","17":"shipping-taxable","18":"purchasable","19":"product-type-simple"},"_links":{"self":[{"href":"http:\/\/www.ayenjoyas.cl\/index.php?rest_route=\/wp\/v2\/product\/205","targetHints":{"allow":["GET"]}}],"collection":[{"href":"http:\/\/www.ayenjoyas.cl\/index.php?rest_route=\/wp\/v2\/product"}],"about":[{"href":"http:\/\/www.ayenjoyas.cl\/index.php?rest_route=\/wp\/v2\/types\/product"}],"replies":[{"embeddable":true,"href":"http:\/\/www.ayenjoyas.cl\/index.php?rest_route=%2Fwp%2Fv2%2Fcomments&post=205"}],"wp:featuredmedia":[{"embeddable":true,"href":"http:\/\/www.ayenjoyas.cl\/index.php?rest_route=\/wp\/v2\/media\/206"}],"wp:attachment":[{"href":"http:\/\/www.ayenjoyas.cl\/index.php?rest_route=%2Fwp%2Fv2%2Fmedia&parent=205"}],"wp:term":[{"taxonomy":"product_cat","embeddable":true,"href":"http:\/\/www.ayenjoyas.cl\/index.php?rest_route=%2Fwp%2Fv2%2Fproduct_cat&post=205"},{"taxonomy":"product_tag","embeddable":true,"href":"http:\/\/www.ayenjoyas.cl\/index.php?rest_route=%2Fwp%2Fv2%2Fproduct_tag&post=205"}],"curies":[{"name":"wp","href":"https:\/\/api.w.org\/{rel}","templated":true}]}}